5?
86aa1
In base 4, what is 33113223222 + -1110?
33113222112
In base 14, what is 1444889 + 46?
14448d1
In base 9, what is 2 - -8832771?
8832773
In base 6, what is 1315 + 134151?
135510
In base 10, what is -2416779 + -1?
-2416780
In base 15, what is -3 + 12b7eb8?
12b7eb5
In base 3, what is 20 + 112002021212011?
112002021212101
In base 13, what is 2737 - -308cb?
33335
In base 11, what is -130 + 194a909?
194a789
In base 12, what is -4118 + -113b?
-5257
In base 12, what is 41 + 386804?
386845
In base 13, what is 394 - 20b4b?
-20787
In base 12, what is 2bb082 + 45?
2bb107
In base 3, what is 0 - 200000010210010?
-200000010210010
In base 13, what is -35518 - -255?
-35293
In base 4, what is 3 + 323200221110?
323200221113
In base 6, what is -13 - 151143455?
-151143512
In base 16, what is -3b + 18b0ea?
18b0af
In base 11, what is -2 - 459369a6?
-459369a8
In base 10, what is -13 - -14522345?
14522332
In base 11, what is -266916a2 + 2?
-266916a0
In base 4, what is 2023332101 - -212?
2023332313
In base 7, what is -20546 + -143365?
-164244
In base 12, what is -72b + -1367b?
-141aa
In base 3, what is -21022002 - 20020100?
-111112102
In base 6, what is -103322 - -5033?
-54245
In base 15, what is -935b + 473?
-8dd8
In base 11, what is -10a68856 + 14?
-10a68842
In base 4, what is -32312233 + 1212?
-32311021
In base 2, what is -10101010001101 + 101100101101100?
10111011011111
In base 10, what is 0 - 1294648?
-1294648
In base 8, what is -67725757 - 1?
-67725760
In base 8, what is 1426623 - 306?
1426315
In base 14, what is -75 - 15505?
-1557a
In base 4, what is 0 + 23023033031?
23023033031
In base 4, what is -31331320 - -20332?
-31310322
In base 3, what is 1100010112111120220 - 0?
1100010112111120220
In base 6, what is 221102 + -1435?
215223
In base 11, what is a233328 - 3?
a233325
In base 3, what is 2 + 222012221021?
222012221100
In base 8, what is -5 - 36107021?
-36107026
In base 6, what is -13143 + 12032223?
12015040
In base 16, what is -19 - b327bd?
-b327d6
In base 8, what is 37023300 + 2?
37023302
In base 5, what is 32 - -400043134?
400043221
In base 3, what is -201211101001010 - 10?
-201211101001020
In base 9, what is -542 - 61140?
-61682
In base 10, what is 3 + -760967?
-760964
In base 14, what is -1 - -647385?
647384
In base 13, what is -4c094c - 5?
-4c0954
In base 2, what is 11 - 110001111011111001101?
-110001111011111001010
In base 10, what is -46775 - 581?
-47356
In base 10, what is -10834 - 474?
-11308
In base 12, what is 600 + -11486?
-10a86
In base 7, what is -11215444 - 201?
-11215645
In base 14, what is 14c85 + 139?
14dc0
In base 14, what is -14 - -838951?
83893b
In base 15, what is -5 + -7e5c11b?
-7e5c121
In base 5, what is -12 + 3310200203?
3310200141
In base 11, what is 42 - -38a0267?
38a02a9
In base 2, what is -10111111 - 100101110110111101?
-100101111001111100
In base 12, what is 1 + -306b17?
-306b16
In base 13, what is 112c9111 - 2?
112c910c
In base 10, what is 2460 - -152099?
154559
In base 7, what is 4 - -53366210?
53366214
In base 13, what is 51aa - -16?
51c3
In base 2, what is 10 + 111110110011100000111?
111110110011100001001
In base 11, what is 7a7 + -7207?
-6510
In base 5, what is 41 + 10134401042?
10134401133
In base 6, what is -322 + -213432?
-214154
In base 10, what is 18 + -804373?
-804355
In base 6, what is -33300513 + 250?
-33300223
In base 12, what is 3176 - -a?
3184
In base 11, what is -41941 - 2541?
-44382
In base 5, what is -103214043202 + 0?
-103214043202
In base 12, what is 25a849 - 7?
25a842
In base 10, what is 332587 + -476?
332111
In base 15, what is -1cdac - 45?
-1ce02
In base 15, what is ac5096 - 5?
ac5091
In base 3, what is 10 - -1022111221202210?
1022111221202220
In base 6, what is -4 - -1525532?
1525524
In base 12, what is -141752a + 229?
-1417301
In base 12, what is 5a6 + 26b80?
27566
In base 9, what is 447806280 - 3?
447806276
In base 12, what is -9b6332 - -18?
-9b6316
In base 9, what is 1 - -51233286?
51233287
In base 2, what is 101000011000010000 - 11001?
101000010111110111
In base 15, what is -4 - 31a97?
-31a9b
In base 2, what is 10100100001 - 1001001?
10011011000
In base 7, what is 11512456542 - -3?
11512456545
In base 3, what is -120002122020 + -1002?
-120002200022
In base 6, what is -21344113 + 402?
-21343311
In base 5, what is -13102 - 11131110?
-11144212
In base 14, what is 29c2aa + -1?
29c2a9
In base 15, what is -1404be - -12?
-1404ac
In base 3, what is 2001100 + 1202120120?
1211121220
In base 4, what is -1321 - 133300?
-201221
In base 8, what is -1044 - 55605?
-56651
In base 13, what is -58c - 26cc57?
-270516
In base 3, what is -11210110200122222 - 111?
-11210110200200110
In base 11, what is 0 + 7350447?
7350447
In base 16, what is -9ef5 - -ed?
-9e08
In base 16, what is 2 - -2cede8?
2cedea
In base 15, what is -d28dd7 - 2?
-d28dd9
In base 6, what is 5002 - -1014032?
1023034
In base 7, what is -22 + 23666332?
23666310
In base 9, what is -42753 + 1054?
-41688
In base 8, what is 715400410 - 5?
715400403
In base 9, what is -18635674 - -13?
-18635661
In base 15, what is 3 + 9b5cd?
9b5d1
In base 16, what is 22346e8 - 2?
22346e6
In base 6, what is 11004525 + -1545?
11002540
In base 13, what is 653 - -357?
9aa
In base 3, what is 1222100221202222 - 12?
1222100221202210
In base 8, what is 1 - -6172524?
6172525
In base 13, what is 96c94 - 30?
96c64
In base 5, what is -1332 - -1210022?
1203140
In base 16, what is -f1442 - d?
-f144f
In base 2, what is 101 - 1110000100111011110110100010?
-1110000100111011110110011101
In base 15, what is -66c + 685?
18
In base 7, what is 104336 + 112633?
220302
In base 9, what is -250737123 + -3?
-250737126
In base 12, what is -394 - -267?
-129
In base 8, what is 52327562 - 10?
52327552
In base 9, what is 3 - -63247644?
63247647
In base 12, what is -6a15 - 51b?
-7334
In base 5, what is -22411341 + 143?
-22411143
In base 9, what is 2 - 24102512?
-24102510
In base 9, what is 12223 - 125474?
-113251
In base 4, what is -1120221 - 102302032?
-110022313
In base 11, what is 295a - -1a901?
22760
In base 9, what is -2406078 + 17?
-2406061
In base 4, what is 102131 + -210320?
-102123
In base 9, what is 410 - 162322?
-161812
In base 7, what is 10614121642 - 2?
10614121640
In base 13, what is c5 + 1a6b7?
1a7ac
In base 13, what is -4a3444 + -5?
-4a3449
In base 10, what is 7876189 - -70?
7876259
In base 11, what is 23 - 4a9510?
-4a9498
In base 15, what is -65517 - 9?
-65521
In base 2, what is 10 + -1101010010011101010111101?
-1101010010011101010111011
In base 6, what is 3 + -12122221412?
-12122221405
In base 6, what is -4215 + -3023252?
-3031511
In base 6, what is 1445220 + -131?
1445045
In base 11, what is -4a51074 + -4?
-4a51078
In base 9, what is 221 - -41454?
41675
In base 4, what is 2210102303220 + -3?
2210102303211
In base 11, what is 17151a + -100?
17141a
In base 5, what is 34211 - 10230323?
-10141112
In base 15, what is -656b + cb?
-6490
In base 6, what is -1042032220 - -5?
-1042032211
In base 6, what is 14315542210 - 5?
14315542201
In base 14, what is 6cc88 + 5?
6cc8d
In base 12, what is -5 - -1177?
1172
In base 15, what is -7c3b1 + -125?
-7c4d6
In base 14, what is -1 - 526ca?
-526cb
In base 4, what is -30 - -110331232?
110331202
In base 8, what is 2 + 17130224?
17130226
In base 4, what is 3 + -2321011303313?
-2321011303310
In base 9, what is -82102882 - -2?
-82102880
In base 6, what is -15015 + -3203514?
-3222533
In base 4, what is -1311030320 + 301?
-1311030013
In base 6, what is -4 + -22544150341?
-22544150345
In base 15, what is 2746409 - -3?
274640c
In base 14, what is 2082c800 - 0?
2082c800
In base 8, what is 223 - -156715?
157140
In base 12, what is -10650 + -877?
-11307
In base 3, what is 111021 + 2001001101?
2001112122
In base 6, what is 151243 + -2025?
145214
In base 11, what is 13970 + -33?
13938
In base 5, what is 2132040144 + -1022?
2132034122
In base 10, what is 324 + -833981?
-833657
In base 9, what is -53111 + -188?
-53310
In base 4, what is -102031021 - 1?
-102031022
In base 16, what is 152297a - 5?
1522975
In base 16, what is -3ada8 + 38?
-3ad70
In base 13, what is -1418241 - 8?
-1418249
In base 3, what is -11 + 212102200220100?
212102200220012
In base 13, what is -4 + -194c564?
-194c568
In base 3, what is 20022010120 + 110020200?
20202101020
In base 8, what is -6524 - -